r of 2308272 and 11867859?
7593
Calculate the highest common divisor of 6812 and 299930657.
1703
What is the greatest common divisor of 5536917660 and 8146?
8146
Calculate the greatest common divisor of 1292 and 119727056.
1292
What is the greatest common factor of 2158605 and 405?
45
Calculate the highest common divisor of 37237 and 9014592.
1619
Calculate the highest common divisor of 23850 and 22380363.
477
Calculate the greatest common divisor of 164086 and 42172.
26
What is the highest common factor of 21089780 and 172?
172
Calculate the highest common divisor of 21840 and 12800655.
105
What is the greatest common divisor of 19985352 and 710512?
2936
Calculate the highest common factor of 694662375 and 375.
375
What is the greatest common factor of 13856681 and 84949?
4997
Calculate the highest common factor of 462654 and 891.
9
What is the greatest common divisor of 1536 and 1213152?
96
Calculate the greatest common factor of 232638 and 14363391.
4011
What is the highest common factor of 2956092144 and 1992?
1992
Calculate the greatest common factor of 1293 and 8034702.
1293
Calculate the greatest common factor of 26143 and 18000461.
2011
Calculate the greatest common factor of 45556591 and 13768.
1721
What is the greatest common divisor of 9246 and 38871792?
402
What is the greatest common divisor of 746827 and 314653?
3791
What is the greatest common divisor of 719 and 1026?
1
Calculate the highest common factor of 5643521 and 130.
13
Calculate the greatest common divisor of 14746 and 7620652.
202
What is the greatest common factor of 264 and 3056328?
264
Calculate the greatest common divisor of 7230 and 2993385.
15
Calculate the highest common factor of 50 and 189656650.
50
What is the greatest common divisor of 153080 and 12801760?
3560
What is the greatest common divisor of 1765905 and 1?
1
What is the highest common factor of 119621395 and 1435?
205
What is the highest common divisor of 621432 and 2772?
252
Calculate the greatest common factor of 49231 and 413.
7
What is the greatest common divisor of 663 and 7694856?
39
What is the greatest common factor of 85736 and 102577?
1531
What is the greatest common factor of 896 and 245233856?
448
What is the highest common factor of 57186 and 63018?
162
What is the highest common divisor of 14 and 3903578?
14
Calculate the greatest common factor of 1640921 and 163.
163
Calculate the greatest common divisor of 99735123 and 38.
19
Calculate the highest common factor of 122993222 and 33.
11
What is the highest common divisor of 3728527 and 777?
37
Calculate the highest common factor of 143717 and 5028.
419
What is the highest common factor of 574071 and 147864?
183
Calculate the greatest common divisor of 21 and 18013038.
3
What is the highest common factor of 73359063 and 1746?
873
Calculate the greatest common factor of 119519 and 464672.
1117
Calculate the greatest common divisor of 114 and 52754279.
19
Calculate the highest common divisor of 25860464 and 7912.
184
Calculate the greatest common factor of 238396976 and 949.
73
Calculate the highest common divisor of 678878703 and 8631.
1233
Calculate the highest common divisor of 8 and 23255424.
8
Calculate the highest common divisor of 833112 and 1330209.
513
Calculate the greatest common factor of 220049959 and 73.
73
Calculate the highest common factor of 30327002 and 646.
38
What is the highest common divisor of 109624 and 655472?
568
What is the greatest common factor of 1456 and 2880192?
112
Calculate the highest common divisor of 499833 and 893.
19
Calculate the highest common factor of 2928 and 18580539.
183
What is the greatest common divisor of 957719 and 382193?
497
What is the greatest common factor of 2318 and 36176?
38
What is the greatest common divisor of 7033104 and 578?
578
Calculate the highest common divisor of 9496941 and 399.
57
Calculate the greatest common factor of 3 and 99848379.
3
Calculate the highest common factor of 578157003 and 7839.
603
What is the greatest common divisor of 123293418 and 18?
6
Calculate the highest common factor of 5 and 9162695.
5
Calculate the greatest common divisor of 645 and 14250372.
129
What is the highest common divisor of 15691597 and 977?
977
What is the greatest common divisor of 65410002 and 588?
294
Calculate the greatest common factor of 18 and 160142049.
9
Calculate the highest common factor of 282687517 and 4963.
4963
Calculate the greatest common factor of 4005021 and 15.
3
Calculate the greatest common divisor of 58434318 and 11718.
1674
What is the greatest common divisor of 2040 and 66961640?
680
Calculate the greatest common factor of 215010 and 33678.
18
Calculate the greatest common factor of 3017806273 and 53.
53
Calculate the highest common divisor of 44366803 and 26.
13
Calculate the highest common factor of 54418 and 30121.
91
Calculate the greatest common factor of 16891437 and 114.
57
What is the greatest common divisor of 1367808 and 377?
13
Calculate the greatest common factor of 30956341 and 2.
1
Calculate the highest common divisor of 82386 and 6022138.
398
Calculate the highest common divisor of 7308 and 2037308.
812
Calculate the highest common factor of 3312 and 29214.
18
Calculate the highest common divisor of 2400 and 7196790.
30
What is the greatest common factor of 27615 and 109914?
21
Calculate the greatest common divisor of 159992865 and 9.
9
Calculate the highest common divisor of 6 and 5124774.
6
Calculate the highest common divisor of 48073039 and 1827.
203
Calculate the greatest common factor of 10249999 and 3182.
37
Calculate the greatest common factor of 83463506 and 28.
14
Calculate the highest common factor of 15 and 1228120185.
15
What is the greatest common divisor of 135579252 and 120?
12
What is the greatest common divisor of 46002 and 8223534?
2706
What is the greatest common factor of 32 and 26161568?
32
What is the highest common divisor of 75408 and 5448?
24
Calculate the greatest common divisor of 21901 and 3467013.
121
What is the greatest common divisor of 9132002 and 22?
22
What is the greatest common divisor of 4488 and 14901?
3
What is the highest common factor of 420 and 485898?
42
What is the greatest common divisor of 1081664 and 3136?
64
Calculate the greatest common factor of 12 and 4440366.
6
Calculate the highest common factor of 1271090 and 6970.
170
What is the greatest common factor of 297450 and 1110150?
450
Calculate the highest common divisor of 20035671 and 38.
19
What is the highest common factor of 279684 and 48348?
612
What is the highest common factor of 462 and 62441874?
66
What is the greatest common factor of 9 and 1627329?
3
Calculate the greatest common factor of 240982 and 156800.
98
What is the greatest common factor of 818733297 and 5241?
5241
What is the greatest common divisor of 1978384 and 588512?
848
What is the greatest common factor of 41856 and 2947968?
384
Calculate the greatest common divisor of 16211 and 3717307.
1247
Calculate the highest common factor of 387224 and 207580.
388
Calculate the greatest common divisor of 4144 and 215678624.
4144
Calculate the greatest common factor of 31952 and 4655007.
1997
Calculate the greatest common factor of 604992 and 160016.
2192
What is the highest common factor of 16188 and 329316?
12
Calculate the greatest common factor of 72 and 58110120.
72
What is the greatest common factor of 70619354 and 169?
169
What is the greatest common divisor of 8605 and 7895?
5
What is the highest common factor of 1279386 and 107576?
3842
What is the greatest common factor of 999 and 1452141?
27
What is the greatest common divisor of 8493614 and 2?
2
What is the highest common factor of 1749 and 5133315?
1749
Calculate the greatest common factor of 21 and 253117557.
21
What is the greatest common divisor of 48068711 and 43?
43
Calculate the greatest common factor of 15192302 and 1346.
1346
Calculate the greatest common factor of 19995 and 633671.
31
Calculate the highest common factor of 6950550 and 8100.
150
What is the greatest common factor of 105 and 64641240?
15
Calculate the highest common factor of 265013 and 207298.
119
What is the greatest common divisor of 646 and 39267960?
34
What is the highest common factor of 45930 and 85683?
3
What is the highest co